the highest common divisor of 5 and 91754620?
5
Calculate the highest common divisor of 3624775 and 125.
25
Calculate the highest common divisor of 4200 and 180680.
40
What is the greatest common factor of 1874684 and 16400?
164
Calculate the greatest common factor of 458208 and 36808.
344
Calculate the greatest common divisor of 5612 and 504160.
92
Calculate the greatest common divisor of 8544 and 49874592.
96
What is the greatest common divisor of 924901725 and 30?
15
What is the highest common factor of 396 and 79331976?
36
Calculate the greatest common divisor of 1889428 and 1175544.
2252
Calculate the greatest common factor of 295569 and 90487.
41
What is the highest common divisor of 15590 and 602?
2
Calculate the highest common factor of 104520 and 306280.
520
What is the greatest common factor of 4 and 26815604?
4
What is the greatest common factor of 3133067 and 1316?
329
What is the greatest common divisor of 16609 and 1750286?
17
Calculate the greatest common divisor of 2128 and 2158400.
304
Calculate the highest common divisor of 98203352 and 104.
104
What is the greatest common factor of 2270 and 38173455?
1135
What is the highest common divisor of 205 and 142721?
41
Calculate the highest common factor of 95616 and 92208.
48
What is the highest common factor of 2178347 and 7519?
103
Calculate the highest common divisor of 9693774 and 2807.
401
What is the highest common factor of 457643 and 13?
1
Calculate the greatest common factor of 667 and 4067849.
23
What is the greatest common factor of 1688691510 and 1980?
990
Calculate the highest common factor of 4330376 and 920176.
2312
Calculate the highest common divisor of 92909 and 1753.
1753
What is the greatest common divisor of 205971 and 1047889?
71
Calculate the highest common divisor of 11242 and 17790976.
1022
What is the highest common divisor of 42698 and 5402?
74
Calculate the highest common factor of 39050 and 3203662.
1562
Calculate the highest common divisor of 42135 and 5406.
159
What is the highest common divisor of 7347 and 132009?
237
Calculate the highest common divisor of 206890 and 9670282.
2434
Calculate the greatest common divisor of 82408 and 4736.
8
What is the greatest common factor of 73 and 198598617?
73
Calculate the greatest common factor of 27477 and 21027.
129
What is the highest common divisor of 2593084 and 188?
188
What is the highest common divisor of 35495194 and 42?
14
Calculate the greatest common divisor of 6 and 260140098.
6
What is the highest common factor of 26495307 and 1845?
369
What is the highest common divisor of 3181361 and 737?
67
Calculate the highest common divisor of 7447 and 98351.
11
Calculate the greatest common factor of 4091230 and 474760.
1430
Calculate the highest common divisor of 19089 and 1018521.
189
What is the highest common factor of 3455 and 12085?
5
Calculate the greatest common divisor of 826336 and 15155.
7
Calculate the greatest common divisor of 36 and 211293.
9
Calculate the greatest common divisor of 4 and 264509030.
2
What is the greatest common factor of 31808 and 50836?
284
Calculate the highest common factor of 4784 and 181532.
52
What is the highest common divisor of 138768 and 14640?
48
Calculate the greatest common factor of 1514884280 and 3640.
3640
Calculate the greatest common divisor of 2125276622 and 28.
14
What is the highest common divisor of 154477549 and 1?
1
What is the highest common factor of 162844374 and 924?
462
What is the highest common divisor of 14152 and 426648?
232
What is the greatest common factor of 1533 and 9625497?
21
Calculate the highest common divisor of 141777244 and 276.
92
What is the greatest common divisor of 24 and 128297163?
3
Calculate the highest common factor of 2716232 and 2101747.
2083
What is the greatest common divisor of 18 and 1381997592?
18
Calculate the highest common divisor of 4494 and 413127.
321
Calculate the highest common factor of 6611750 and 1750.
250
Calculate the highest common factor of 7597 and 9207493.
71
Calculate the highest common divisor of 228090 and 1620.
30
What is the highest common factor of 18 and 29256849?
9
Calculate the greatest common factor of 35007 and 14777.
7
Calculate the highest common divisor of 293344781 and 1843.
1843
Calculate the highest common factor of 11886286 and 361.
361
Calculate the greatest common divisor of 8 and 719470.
2
What is the greatest common factor of 108 and 17152641?
27
Calculate the highest common divisor of 1569 and 15026313.
1569
What is the highest common factor of 5037 and 10437321?
219
What is the greatest common divisor of 285344 and 70744?
296
What is the highest common factor of 151409860 and 260?
20
Calculate the greatest common factor of 784 and 78974000.
112
Calculate the greatest common factor of 42 and 198711184.
14
Calculate the greatest common factor of 686640 and 5295.
15
What is the highest common divisor of 14337598 and 15070?
3014
Calculate the highest common factor of 360160 and 81440.
160
What is the greatest common factor of 152628 and 141252?
948
What is the highest common factor of 246275 and 2495?
5
Calculate the highest common factor of 40475 and 17140353.
1619
What is the highest common divisor of 211714 and 73186?
74
Calculate the greatest common factor of 116259579 and 261.
261
Calculate the highest common factor of 13283168 and 604.
604
What is the greatest common factor of 2990394 and 54?
18
Calculate the greatest common divisor of 307582245 and 2390.
1195
Calculate the greatest common divisor of 102 and 593615894.
34
Calculate the greatest common divisor of 5400126 and 10026.
18
What is the highest common divisor of 200 and 225280?
40
Calculate the highest common factor of 360199812 and 12.
12
Calculate the highest common factor of 885654641 and 499.
499
What is the highest common factor of 32 and 424814440?
8
Calculate the greatest common factor of 30909432 and 516.
516
Calculate the highest common factor of 4128 and 1428.
12
Calculate the highest common divisor of 846822 and 16272.
678
What is the highest common divisor of 15 and 3135873?
3
Calculate the greatest common divisor of 5557696 and 68063.
2347
What is the greatest common divisor of 48 and 1871366?
2
Calculate the highest common divisor of 3512770 and 60900.
290
Calculate the greatest common divisor of 214560 and 22320.
720
What is the greatest common divisor of 641712 and 8613?
87
What is the greatest common factor of 54 and 611454942?
18
Calculate the highest common factor of 592 and 390421.
1
Calculate the highest common divisor of 686252 and 1988.
28
What is the greatest common divisor of 32644 and 11384?
4
What is the highest common divisor of 343455 and 23415?
105
Calculate the highest common divisor of 36777699 and 1323.
189
What is the greatest common divisor of 88750035 and 12177?
4059
Calculate the highest common divisor of 313120 and 165072.
304
Calculate the highest common factor of 606 and 45069432.
606
What is the highest common factor of 1735116044 and 92?
92
Calculate the greatest common divisor of 918978 and 1638912.
582
Calculate the highest common divisor of 86086432 and 32.
32
What is the greatest common factor of 16700 and 350533?
167
What is the greatest common divisor of 57998982 and 17328?
2166
Calculate the highest common divisor of 2297 and 792981825.
2297
Calculate the greatest common factor of 345 and 1980875.
115
Calculate the greatest common factor of 637365 and 8985.
15
What is the greatest common divisor of 55700 and 448385?
2785
Calculate the greatest common divisor of 449384 and 4032392.
3016
Calculate the greatest common divisor of 146 and 22326466.
146
Calculate the highest common factor of 704 and 1379620.
44
What is the greatest common divisor of 64449 and 2716497?
189
Calculate the highest common divisor of 979229472 and 468.
156
Calculate the highest common divisor of 70 and 232490195.
35
Calculate the greatest common divisor of 1872 and 30916008.
72
What is the highest common factor of 5890509 and 29?
29
What is the greatest common divisor of 15480625 and 3055?
235
Calculate the greatest common factor of 68136 and 9316596.
2004
What is the highest common divisor of 448 and 234154?
2
What is the highest common divisor of 63 and 4327866?
9
What is the greatest co